+ r**4/8 + 2*r**3/3 - 4*r**2 - 7. Suppose m = 6*m - 15. List the prime factors of v(m).
13
Let o = 383 - -1127. List the prime factors of o.
2, 5, 151
Let r = 13 - 9. Suppose 0 = -s - 5*z + 32 + 105, -5*z - 598 = -r*s. What are the prime factors of s?
3, 7
Let b(y) be the second derivative of -11*y**4/12 - y**3/3 + y**2/2 - 4*y. Let n be b(1). List the prime factors of (-2)/4 + (-102)/n.
2
Suppose 0*f = 4*f - 728. Suppose 0 = -v + 3*a + f, -2*v + 6*a - 5*a = -349. List the prime factors of v.
173
Suppose -2*n = 2*n - 84. Let t = n + -25. What are the prime factors of (82/(-4))/(2/t)?
41
Suppose 2*q + 17*q - 57 = 0. Suppose -3*b + 288 = z + 2*b, q*z = 3*b + 774. List the prime factors of z.
263
Let g = 1773 - 1203. List the prime factors of g.
2, 3, 5, 19
Let b(j) = -16*j + 339. List the prime factors of b(-36).
3, 5, 61
Let b(j) = j + 14. Let a be b(-9). Suppose 272 = -a*z + 1192. What are the prime factors of z?
2, 23
What are the prime factors of 218344/140 + (-24)/(-10)?
2, 11, 71
Let h(f) = f**2 + 7*f - 5. List the prime factors of h(12).
223
Let f = 31 - -8. Suppose l + 6 = 2*u, u = 3*l - 1 + f. What are the prime factors of 413/l*(-2 - 0)?
59
Suppose -2*o = -5*o - 267. Let j = o + 176. List the prime factors of j.
3, 29
Suppose x - 5*j - 62 = 0, -2*x + 7*j - 6*j + 160 = 0. List the prime factors of x.
2, 41
Let y = 1676 + 1707. List the prime factors of y.
17, 199
Let k = 132 + 23. What are the prime factors of k?
5, 31
Let d be (-2)/(30/(-14) - -2). Let y = -11 + d. Suppose 0*g - 51 = -y*g. List the prime factors of g.
17
Let d(c) = c**3 - 2*c**2 + 3*c + 40. What are the prime factors of d(0)?
2, 5
Suppose -4 + 12 = 4*v, 6 = 4*l + v. What are the prime factors of -1 + 137/l - -4?
2, 5, 7
Suppose -8*i + 2292 = -3140. List the prime factors of i.
7, 97
Let b = -672 + 438. List the prime factors of 2/(-3)*b/3.
2, 13
Let k be 2/(-19) - 14/(-133) - -4. Let x(g) = g**3 - g**2 + g. Let r be x(0). Suppose -o - 255 = -k*y - r*o, o + 192 = 3*y. What are the prime factors of y?
3, 7
Let v = -31 - -36. Suppose -v*n = 2*i - 8, i - n = -i + 8. Suppose -95 = -i*r + 153. What are the prime factors of r?
2, 31
Suppose -8*l + 6 = 510. Let h = l - -124. Let i = h + -37. What are the prime factors of i?
2, 3
Let u be 3/(3/(-2))*1. Let h(q) = -3*q**2 + 9*q**2 + 545 - 540 + 4*q. List the prime factors of h(u).
3, 7
Let v(f) = 238*f**3 + f**2 - 2*f + 1. Suppose -2*o - 2 = t - 3, -3*o = 3*t - 3. What are the prime factors of v(t)?
2, 7, 17
Let v(b) = -32*b + 84. What are the prime factors of v(-6)?
2, 3, 23
Suppose 5*u - 15 = -0. Suppose -u*h + 5 = -4. Suppose 2*l = h*l - 24. What are the prime factors of l?
2, 3
Suppose 7*i - 12*i = -415. Suppose i + 157 = 2*d. What are the prime factors of d?
2, 3, 5
Let d(g) = 2*g + 11. Let j be d(9). Let y = 8 + -6. List the prime factors of (0 - -2)*j/y.
29
Let b = -11 + 14. Suppose 0 = b*q + 97 - 28. Let r = 27 + q. What are the prime factors of r?
2
Let m(y) = -2*y**3 - 6*y**2 - 4*y. Suppose v - 2*a = -a, -2*a - 18 = 4*v. What are the prime factors of m(v)?
2, 3
Let g be 6/(-4)*1*2. Let m be 5 + -3 + g + 3. Let a(p) = 4*p**3 - p**2 - 2*p + 1. What are the prime factors of a(m)?
5
Let w(z) = -z**3 + 8*z**2 + 10*z - 2. Let h(c) = -7*c + 4. Let n be h(-8). Suppose 15 = -5*f + n. List the prime factors of w(f).
7
List the prime factors of (-12)/42 + (-5742)/(-7).
2, 5, 41
Suppose -85 - 230 = 5*w. Let b = 123 + w. What are the prime factors of b?
2, 3, 5
Let f be -3*(-3 + 1)/2. Suppose 0*o = -f*o. Suppose o = -7*a + 2*a + 255. What are the prime factors of a?
3, 17
Suppose -4*l - j + 4096 = 0, 3*l - 4*l = j - 1027. What are the prime factors of l?
3, 11, 31
Suppose 272 = 2*u + 40. Let r = u - 76. What are the prime factors of r?
2, 5
Suppose 145 = 5*d + 5*i, 0 = -3*d + 5*i + 92 + 3. Let p = d - 28. Suppose 0*g + 52 = p*g. What are the prime factors of g?
2, 13
Let b = -37 - -20. Let n = b + 29. What are the prime factors of n?
2, 3
Let w(f) = -34*f + 362. What are the prime factors of w(-53)?
2, 541
Let l be -14 - 5/15*-3. Let x = -6 - l. What are the prime factors of x?
7
Let m(h) = 3*h**2 + 6*h - 2*h**3 + 5*h**3 + 4*h + 8*h**2. Let q be m(-7). What are the prime factors of q/(-24) + 2/3?
2, 3
Let b(h) = -5*h - 17. Let s be b(-3). What are the prime factors of (5 + -43)*2/4*s?
2, 19
Suppose 14*q - 1020 = 16340. List the prime factors of q.
2, 5, 31
Let n(q) = -q**3 + 4*q**2 + 3*q + 4. Let g be (-4)/6 + 14/3. Let m be n(g). Suppose -4*u + 46 = -0*i - 5*i, u + i - m = 0. What are the prime factors of u?
2, 7
Suppose -15*n = -16*n - 96. List the prime factors of (n/(-15) + -2)/((-4)/(-300)).
2, 3, 5, 11
Suppose -3*x - 2 = -4*t, 3*t - t = -x + 6. Let l be t/(0 + 2) + -4. What are the prime factors of 14 - l - 2/(-1)?
19
Let u = 38 + -37. Let v(d) = 57*d**2 - d. What are the prime factors of v(u)?
2, 7
Let t = -2196 + 3383. What are the prime factors of t?
1187
Let r(t) = 4*t**2 + 6 - t + 2 + t**3 - 6*t. List the prime factors of r(5).
2, 3, 11
Let g be ((-60)/(-50))/((-3)/(-340)). Let q = -65 + g. List the prime factors of q.
71
List the prime factors of (25930/(-10))/((-3)/3).
2593
Let r(p) = -105*p - 38. Let l be r(4). Let u = l - -688. List the prime factors of u.
2, 5, 23
Suppose -39*f = 473 - 2696. Let n(u) = 12*u - 1. Let y be n(-1). Let k = f + y. List the prime factors of k.
2, 11
Suppose -12502 = 15*b - 29*b. List the prime factors of b.
19, 47
Suppose -2*w = 5*a - 6, 4*a - 10 = 3*w + 4. Let f(x) = 112*x + 21. List the prime factors of f(a).
5, 7
Suppose 20*c - 24*c = -64. Suppose -21 = 3*n - 0. Let s = c + n. What are the prime factors of s?
3
Let o be 5*(2 + 6/(-15)). Let t(x) = -2 + 10 + 0 - 2 + o*x. List the prime factors of t(3).
2, 3, 5
Let f be (-2 + -3)*(-306)/15. Suppose -5*z + 762 - f = 0. What are the prime factors of z?
2, 3, 11
Suppose -3*z + 8 = 5*y + 2, -3*y - 2 = z. Suppose 0 = -z*q + 6*q + 50. What are the prime factors of q?
2, 5
Let f(v) = -70*v - 13. Let b be f(-2). Let a = b + -65. What are the prime factors of a?
2, 31
Suppose 5*a + 1715 = d, 2*d - 3*a - 3641 + 197 = 0. What are the prime factors of d?
3, 5, 23
Let t = 1 - 17. Let s = -16 - t. Suppose -3*l = 2*z - 45, -4*z - l + 2 + 63 = s. What are the prime factors of z?
3, 5
Let b be 26/(-65) - 317/(-5). Suppose 0 = 4*j - 33 - b. What are the prime factors of j?
2, 3
Suppose 3*f + o - 5652 = 0, 1750 + 3896 = 3*f + 3*o. What are the prime factors of f?
5, 13, 29
Let q(o) = 8*o**3 - 8*o**2 + 3*o - 13. What are the prime factors of q(7)?
2, 5, 59
Suppose -3*i - 5*t + 32 = 0, 4*i - 2*t - t = 4. Suppose i*g = 2*c - 330, -g = 4*c + c - 814. What are the prime factors of c?
163
Let n(t) = -164*t - 130. List the prime factors of n(-4).
2, 263
Suppose 3387 = 5*f + n, -4*n + 2281 = 4*f - 435. Suppose 560 = 4*p - 3*c, 0 = 5*p - 0*p + 2*c - f. List the prime factors of p.
137
Let g(v) be the first derivative of 9*v**2/2 - 7. Let p be 6*(0 + 4/8). List the prime factors of g(p).
3
Suppose -o + 124 = 3*o - s, -3*o - 2*s + 93 = 0. Suppose 0 = 5*q - 69 - o. Suppose 0 = i + 3*i - q. What are the prime factors of i?
5
Let s(v) = 9*v**3 - 10*v**2 + 12*v + 2. What are the prime factors of s(4)?
2, 233
Let r be (6/(-15))/((-2)/40). Suppose -3*a - 1015 = -r*a. What are the prime factors of a?
7, 29
Suppose -29*t + 81006 = -6*t. What are the prime factors of t?
2, 3, 587
Suppose -71*b - 23385 = -86*b. What are the prime factors of b?
1559
Suppose -7*q = -3*q - 16. Suppose -q*r - 15 = -3*t, 2*t + 4*r - 2*r = 10. What are the prime factors of t?
5
Let l = 73 + 41. List the prime factors of l.
2, 3, 19
Let b = -65 + 69. Suppose -2*u + 2*w + 398 = 0, b*u - 3*u = 2*w + 203. What are the prime factors of u?
3, 5, 13
Let x = 285 + -157. Let h = -64 + x. What are the prime factors of h?
2
Suppose 33*a - 34*a = -f + 481, 4*a - 944 = -2*f. What are the prime factors of f?
2, 239
Suppose p - 15*h + 17*h = 416, -4*p + 5*h + 1677 = 0. List the prime factors of p.
2, 11, 19
Let z(c) = c**3 + 34*c**2 + 79*c + 100. List the prime factors of z(-31).
2, 3, 89
Suppose 5*d - 23 - 92 = 0. Suppose -j - 5 = 0, m - 23 = -5*j + d. List the prime factors of m.
71
Let i(m) = 4*m**2 - 2*m + 2. Let v be i(1). Suppose 18 = -s + v*s. Let p(j) = -j**3 + 8*j**2 - 9*j + 6. What are the prime fac